 d(-1). Suppose 5*o = -3*c - h, -4*o - 17 = 4*c + 111. Let j = -15 - c. What is the tens digit of j?
1
Let i be (5 - 10)*(-2)/4*2. What is the units digit of 87/i*((-4 - -4) + 5)?
7
Let d(x) = x - 4. Let j be d(5). Let w(y) = 53*y**3 + 2*y**2 - 2*y + 2. What is the units digit of w(j)?
5
Let t = -250 - -538. What is the units digit of t?
8
Suppose -4*o + 2*f = 5*f - 1309, -5*f + 15 = 0. What is the tens digit of o?
2
Suppose -3*c + 16321 = 2938. What is the tens digit of c?
6
Let r = -107 + 211. Suppose 4*h + 5*m - 118 = -0*m, 3*h - 4*m = r. What is the tens digit of h?
3
Suppose -k + 290 = 3*z, -z + 85 = 4*k - 8. What is the tens digit of z?
9
Suppose 2*j + 2*b = 158, -4*j - 4*b = b - 321. Suppose 0 = 3*s - 2*s + 4*t - j, 5*s + 5*t - 340 = 0. What is the units digit of s?
6
Let v(o) = -6*o + 32. Let q be v(5). What is the units digit of q/5*5*(-43)/(-1)?
6
Suppose 0 = -0*y + 3*y - 5*z - 493, y - 5*z = 161. Suppose 4*s = -5*d + 288, s - 2*s = -3*d + y. What is the tens digit of d?
5
Let w(x) = x**3 - x - 1. Let d(s) = -3*s**3 + 4*s**2 + 7*s + 17. Let b(f) = d(f) + 6*w(f). What is the hundreds digit of b(4)?
2
Suppose 2*v - 2*w = 3*v - 9, 5*w - 15 = 0. Suppose -v*h - 8 = -20. What is the units digit of 14 + h + -3 + 1?
6
Let f = -815 - -1551. What is the tens digit of f?
3
Let v(p) be the third derivative of 0*p**4 + 0*p + 1/6*p**3 + 0 + 2/15*p**5 - 7*p**2. What is the units digit of v(1)?
9
Suppose -1095 = -11*x + 6*x. What is the units digit of x?
9
Let a(v) = 7*v**3 - 2*v**2 + v - 4. Let m be (-8)/6*(-6)/4. What is the tens digit of a(m)?
4
Let i = -15 + 9. What is the units digit of (-363)/i - 12/8?
9
Suppose -15*d = 5716 - 22711. What is the units digit of d?
3
Let n be ((-108)/21)/((-4)/14). What is the units digit of (6 + n)*(-2)/(-6)?
8
Suppose 5*y + 7 = 5*q + 2, -3*q + y = -9. Suppose 2*f - 6 = -f + 3*r, -4*f - q*r - 16 = 0. Let p(i) = -8*i + 2. What is the tens digit of p(f)?
1
Let c be (-75)/2*(10 - 8). Let o = 0 - c. What is the units digit of o?
5
Suppose 4*v - 24 = v. Suppose 3*z = -7*z + 310. Suppose -v*b + z = -7*b. What is the tens digit of b?
3
What is the units digit of 90/360*(-9220)/(-1)?
5
Let z(b) = 5*b - 7. Let d be z(2). Suppose -q + 207 = o, 1038 = 5*o + d*q - q. What is the hundreds digit of o?
2
Suppose 3360 = 64*q - 56*q. What is the units digit of q?
0
Suppose 4*z - 6 = -2*v, 5*v - 30 = -z + 6*z. Let r = -5 + v. Suppose -4*d - 2*d + 192 = r. What is the units digit of d?
2
Let k(o) = -5*o - 33. Let c be k(-7). Suppose c*w - 173 = -3*u, 2*u - 2*w + 7*w - 108 = 0. What is the tens digit of u?
5
Suppose 804 = -0*i + 4*i. Let b = i + -99. What is the hundreds digit of b?
1
Let v(k) = -k**3 - 13*k**2 - k + 9. Let l be v(-13). Let p = 54 - l. What is the tens digit of p?
3
Let w(a) = a**2 + 6*a + 9. Let b be w(-5). Suppose 0 = 3*o + 4*z - 4 - 25, -76 = -4*o + b*z. What is the tens digit of o?
1
Let i = -14 - -53. Let a = -21 + i. What is the tens digit of a?
1
Let u = -10 + 14. Let l(q) = q - 4. Let z be l(7). Suppose z*a = u*n - 55, 2*n + 4*a = n + 9. What is the units digit of n?
3
Suppose -g - 4*g + 200 = 0. Suppose -i + 5*i = 4*b + g, -3*b - 6 = i. Suppose y + y = i. What is the units digit of y?
3
Suppose -11*b = -6*b - 40. Let p(d) = -d**3 + 8*d**2 + 7*d - 1. What is the units digit of p(b)?
5
What is the thousands digit of (-852)/(-10)*(2 - 51/(-2))?
2
Let b be (-3)/6*2 + 3. Let a(x) = x - 14. Let z be a(16). Suppose -b*l = 4*n + 6, 3*n + n = z*l - 10. What is the units digit of l?
1
Let q be (-4)/(-1)*(-675)/(-10). Let c = -78 + q. What is the tens digit of c?
9
Let x = 8 + -5. Suppose 111 = 5*h - 89. Suppose 68 = x*y - h. What is the tens digit of y?
3
Let x(y) = -63*y. Let s = 8 - 9. What is the tens digit of x(s)?
6
What is the units digit of (2 + -1 + 1)*(1111 + 5)?
2
Suppose u + 4 = 0, -2*q + u = -5*q + 15002. What is the units digit of q?
2
Suppose 2*j - 107*o + 106*o = 4177, -3*j = 2*o - 6283. What is the thousands digit of j?
2
Let o(d) = -11*d - 136. Let n be o(-11). Suppose -x - x = -90. What is the tens digit of (x + n)/(2 - 1)?
3
Let p be 1 + 2 + 0 + 4. Suppose p*r = 3*r. Suppose -4*l - 9 + 101 = r. What is the units digit of l?
3
Let u(y) = -13*y**3 + 2*y**2 + y. Suppose -5*w + 8 = -3*s, 0*w - 1 = -2*s - 3*w. What is the tens digit of u(s)?
1
Let c be (-5 - (0 - 1))*-6. Suppose p + 4 = 0, -d - 3*d + 4*p + c = 0. What is the units digit of d?
2
Let y be 17 - (-3 - -1*4). Let n = 18 - y. Suppose 0*m - 51 = -2*g - m, 0 = -n*g - 5*m + 63. What is the units digit of g?
4
What is the tens digit of -1*(-2005)/15*45/3?
0
Let k(x) = -x**3 + 14*x**2 + 11*x + 26. Let f be k(11). Suppose 2*d + 3*v - 5*v - f = 0, 3*d - 741 = -3*v. What is the hundreds digit of d?
2
Let l(i) = -53*i**3 - 9*i**2 - 4*i - 6. What is the thousands digit of l(-4)?
3
Suppose 0 = 11*i - 2*i - 414. What is the tens digit of i?
4
Let c(h) = h**3 + 8*h**2 - h - 9. Let n(p) = -2*p + 4. Let q be n(6). Let t be c(q). What is the units digit of (3/(-6))/(t/2)?
1
Suppose -24*c = -125261 - 9763. What is the thousands digit of c?
5
Let r(b) = 0 - 267*b + 18 + 273*b. What is the tens digit of r(10)?
7
Let u = 42 + -330. Let h = -199 - u. Let v = h - 25. What is the units digit of v?
4
What is the hundreds digit of 145/(-15) - -9 - 995/(-3)?
3
Suppose 2*d + 449 = o + 70, -o - 5*d + 400 = 0. What is the units digit of o?
5
Let j(d) = 29*d - 126. What is the tens digit of j(24)?
7
Let f = -1040 - -2781. What is the hundreds digit of f?
7
Suppose 2*c = 133 + 85. Let m = c + -32. What is the tens digit of m?
7
Let j be 8*(2 - 1) - -1. Let y(x) = -24*x**2 + 8*x - 40. Let u(f) = -13*f**2 + 4*f - 22. Let v(b) = 11*u(b) - 6*y(b). What is the tens digit of v(j)?
4
Let n(w) = -w + 1. Let t(r) = -r**3 - 7*r**2 - 5*r - 3. Let a(k) = n(k) - t(k). Let l = -3 - 3. What is the tens digit of a(l)?
1
Let v(c) = -27*c**2 + 11*c - 14. Let w be v(4). Let b = w - -573. What is the tens digit of b?
7
Suppose 5*r - 13 = 17. Suppose 37 = r*i - 41. What is the tens digit of i?
1
Let x(d) = 11*d + 19. Let a be x(9). Suppose 2*u - a = -o - 2*o, 4*u - 220 = -2*o. What is the units digit of u?
3
Let m(u) = u**3 - 3*u**2 - 5*u + 6. Let w be m(4). Suppose -20 = -2*o - w*o. Suppose -r + 3 = y, 3*r + 4*y = o*r. What is the units digit of r?
2
What is the units digit of 2*(-8)/((-32)/2746)?
3
Let k = -7 - -9. Suppose 5*u - k*u = 18. Suppose u = 5*h - 9. What is the units digit of h?
3
Suppose b + 4*f - 97 = -0*f, 5*b + 2*f = 485. Suppose 5*j - 233 = b. What is the units digit of j?
6
Let g be 4 - (-4)/(-4) - 0. Let t be g + 1 + (-4)/4. What is the units digit of ((-78)/9)/((-1)/t)?
6
Let x = 71 + 331. What is the units digit of x?
2
Let c = 1 - 21. Let u = c - -22. What is the units digit of u?
2
Suppose 4*g = 85 + 3. Let t = 26 - g. Suppose 25 = t*i - 167. What is the tens digit of i?
4
Let f = -2428 + 3402. What is the units digit of f?
4
Suppose 4*d + 4*t - 68 = 0, -2*d - 2*d - t + 71 = 0. What is the units digit of (-14)/63 - (-4846)/d?
9
Suppose -2*z = -18 - 402. Suppose -5*b - 53 = -t - 6*b, 4*t + 2*b = z. Suppose -10 = 2*r - t. What is the tens digit of r?
2
Suppose -155*r - 100 = -150*r. Suppose -3*q + 91 = -n, -2*q + 4*n + 54 = 2*n. Let v = q + r. What is the tens digit of v?
1
Let h(s) = s**3 + 11*s**2 + 2. What is the tens digit of h(-10)?
0
Let f(v) = 4*v**2 + 2*v + 4. Let u(o) = -3*o + 3. Let d be u(2). Let x be f(d). What is the tens digit of x - 7/((-28)/(-12))?
3
What is the tens digit of (483/6 - 0)*2?
6
Suppose 34 = 3*m - 3*z + 10, -40 = -5*m - 2*z. What is the units digit of (-4)/(12/51)*m/(-1)?
6
Suppose -2*i - 2*y = -1210, 425 = i + 5*y - 180. What is the units digit of i?
5
Suppose 7 = 4*f - 9. Suppose -42 = -f*g + 38. Let d = 29 - g. What is the units digit of d?
9
Let v be (-1)/(-3)*16*12. Suppose 5*j = 131 + v. Let z = 56 - j. What is the units digit of z?
7
Let y = 287 + -592. Let q = y + 544. What is the tens digit of q?
3
Let v = -2247 + 4423. What is the thousands digit of v?
2
Suppose -5*r = o - 1228 - 1159, -4*r + 1903 = 3*o. What is the tens digit of r?
7
Suppose -5*m + 107 = -3*t + 5*t, 315 = 5*t + 3*m. Suppose 6*q - 66 - t = 0. What is the tens digit of q?
2
Let f be 4/10 - (-24)/(-10). What is the tens digit of (-6)/(-2)*((-166)/(-6) - f)?
8
Su